{"id":10510,"date":"2021-01-15T16:06:27","date_gmt":"2021-01-15T16:06:27","guid":{"rendered":"http:\/\/old.aria-net.it\/?page_id=10510"},"modified":"2021-01-24T16:32:24","modified_gmt":"2021-01-24T16:32:24","slug":"odori","status":"publish","type":"page","link":"https:\/\/old.aria-net.it\/it\/aree-tematiche\/odori\/","title":{"rendered":"Odori"},"content":{"rendered":"<p>[vc_row full_width=&#8221;stretch_row&#8221; parallax=&#8221;content-moving-fade&#8221; css=&#8221;.vc_custom_1605807915015{padding-top: 54px !important;padding-bottom: 70px !important;background-color: #ffffff !important;background-position: center;background-repeat: no-repeat;background-size:cover;}&#8221; el_class=&#8221;services-bg-image&#8221; el_id=&#8221;studi-qualita-aria&#8221;][vc_column el_class=&#8221;all-section-title&#8221;][vc_column_text]La presenza di odori molesti \u00e8 ormai considerata a tutti gli effetti come una delle rappresentazioni dell\u2019inquinamento atmosferico. La sensazione spesso sgradevole di odore identificata dal sistema olfattivo umano \u00e8 generata dalla presenza in atmosfera di una miscela di sostanze chimiche denominate genericamente \u201csostanze odorigene\u201d in grado di determinare una molestia anche in concentrazioni molto basse, solitamente molto minori di quelle capaci di causare danni alla salute o effetti sull\u2019ambiente.<\/p>\n<p>Risulta quindi naturale pensare alla descrizione del destino di sostanze odorigene in atmosfera mediante gli stessi modelli di dispersione che vengono applicati in genere per la qualit\u00e0 dell\u2019aria. La sensazione di molestia olfattiva si manifesta per\u00f2 durante ogni singolo respiratorio umano che avviene su scale di tempo molto brevi (qualche secondo) rispetto a quelle tipicamente considerate nelle applicazioni di qualit\u00e0 dell\u2019aria (dove sono di interesse concentrazioni medie orarie, medie giornaliere o medie annuali). Occorre quindi utilizzare modelli che siano in grado di descrivere l\u2019andamento delle concentrazioni su scale di tempo molto brevi, o \u201cistantanee\u201d, per evitare possibili sottostime. Per ovviare al problema, i risultati ottenuti dai modelli di dispersione vengono riprocessati per poter ricostruire, sulla base delle concentrazioni \u201cmedie\u201d e attraverso l\u2019applicazione del cosiddetto peak-to-mean ratio, i valori di picco oppure pi\u00f9 in generale per ricostruire la distribuzione di probabilit\u00e0 attraverso la stima di almeno la varianza delle concentrazioni stesse.<\/p>\n<p>Nelle applicazioni modellistiche \u00e8 prassi quantificare collettivamente gli effetti attraverso l&#8217;unit\u00e0 di odore (unit\u00e0 olfattometrica, ouE) (UNI EN 13725:2004) e di evidenziarne la presenza in aria mediante la concentrazione di odore (ouE\/m3) che rappresentano il numero di diluizioni necessarie affinch\u00e9 il 50% degli esaminatori di un panel addestrato di indagine non avverta pi\u00f9 l\u2019odore del campione d\u2019aria analizzato. Viene quindi simulata la dispersione di questa pseudo-sostanza, che si suppone si diluisca come un tracciante in atmosfera, emessa alla sorgente ad una data concentrazione iniziale.<\/p>\n<p>Il modello di dispersione a particelle SPRAY possiede algoritmi ad hoc per il calcolo delle concentrazioni di picco che sono funzione del tempo di volo delle particelle, risultando particolarmente adatto ad applicazioni che riguardano gli odori.[\/vc_column_text][\/vc_column][\/vc_row][vc_row gap=&#8221;1&#8243; equal_height=&#8221;yes&#8221; content_placement=&#8221;top&#8221; css=&#8221;.vc_custom_1611505897102{padding-top: 54px !important;padding-bottom: 70px !important;background-color: #ffffff !important;background-position: 0 0 !important;background-repeat: no-repeat !important;}&#8221;][vc_column width=&#8221;1\/5&#8243;][vc_btn title=&#8221;SPRAY&#8221; style=&#8221;custom&#8221; custom_background=&#8221;#004986&#8243; custom_text=&#8221;#ffffff&#8221; align=&#8221;center&#8221; button_block=&#8221;true&#8221; link=&#8221;url:http%3A%2F%2Fold.aria-net.it%2Fit%2Fprodotti%2Fspray%2F|title:Dati%20meteo&#8221;][\/vc_column][vc_column width=&#8221;1\/5&#8243;][vc_btn title=&#8221;PMSS&#8221; style=&#8221;custom&#8221; custom_background=&#8221;#004986&#8243; custom_text=&#8221;#ffffff&#8221; align=&#8221;center&#8221; button_block=&#8221;true&#8221; link=&#8221;url:http%3A%2F%2Fold.aria-net.it%2Fit%2Fprodotti%2Fpmss%2F|title:pmss&#8221;][\/vc_column][vc_column width=&#8221;1\/5&#8243;][\/vc_column][vc_column width=&#8221;1\/5&#8243;][\/vc_column][vc_column width=&#8221;1\/5&#8243;][\/vc_column][\/vc_row]<\/p>\n","protected":false},"excerpt":{"rendered":"<p>[vc_row full_width=&#8221;stretch_row&#8221; parallax=&#8221;content-moving-fade&#8221; css=&#8221;.vc_custom_1605807915015{padding-top: 54px !important;padding-bottom: 70px !important;background-color: #ffffff !important;background-position: center;background-repeat: no-repeat;background-size:cover;}&#8221; el_class=&#8221;services-bg-image&#8221; el_id=&#8221;studi-qualita-aria&#8221;][vc_column el_class=&#8221;all-section-title&#8221;][vc_column_text]La presenza di odori molesti \u00e8 ormai considerata&#8230;<\/p>\n","protected":false},"author":1,"featured_media":0,"parent":8774,"menu_order":0,"comment_status":"closed","ping_status":"closed","template":"","meta":{"footnotes":""},"class_list":["post-10510","page","type-page","status-publish","hentry"],"_links":{"self":[{"href":"https:\/\/old.aria-net.it\/it\/wp-json\/wp\/v2\/pages\/10510","targetHints":{"allow":["GET"]}}],"collection":[{"href":"https:\/\/old.aria-net.it\/it\/wp-json\/wp\/v2\/pages"}],"about":[{"href":"https:\/\/old.aria-net.it\/it\/wp-json\/wp\/v2\/types\/page"}],"author":[{"embeddable":true,"href":"https:\/\/old.aria-net.it\/it\/wp-json\/wp\/v2\/users\/1"}],"replies":[{"embeddable":true,"href":"https:\/\/old.aria-net.it\/it\/wp-json\/wp\/v2\/comments?post=10510"}],"version-history":[{"count":6,"href":"https:\/\/old.aria-net.it\/it\/wp-json\/wp\/v2\/pages\/10510\/revisions"}],"predecessor-version":[{"id":10737,"href":"https:\/\/old.aria-net.it\/it\/wp-json\/wp\/v2\/pages\/10510\/revisions\/10737"}],"up":[{"embeddable":true,"href":"https:\/\/old.aria-net.it\/it\/wp-json\/wp\/v2\/pages\/8774"}],"wp:attachment":[{"href":"https:\/\/old.aria-net.it\/it\/wp-json\/wp\/v2\/media?parent=10510"}],"curies":[{"name":"wp","href":"https:\/\/api.w.org\/{rel}","templated":true}]}}

<p>[vc_row full_width=&#8221;stretch_row&#8221; parallax=&#8221;content-moving-fade&#8221; css=&#8221;.vc_custom_1605807915015{padding-top: 54px !important;padding-bottom: 70px !important;background-color: #ffffff !important;background-position: center;background-repeat: no-repeat;background-size:cover;}&#8221; el_class=&#8221;services-bg-image&#8221; el_id=&#8221;studi-qualita-aria&#8221;][vc_column el_class=&#8221;all-section-title&#8221;][vc_column_text]La presenza di odori molesti è ormai considerata a tutti gli effetti come una delle rappresentazioni dell’inquinamento atmosferico. La sensazione spesso sgradevole di odore identificata dal sistema olfattivo umano è generata dalla presenza in atmosfera di una miscela di sostanze chimiche denominate genericamente “sostanze odorigene” in grado di determinare una molestia anche in concentrazioni molto basse, solitamente molto minori di quelle capaci di causare danni alla salute o effetti sull’ambiente.</p>
<p>Risulta quindi naturale pensare alla descrizione del destino di sostanze odorigene in atmosfera mediante gli stessi modelli di dispersione che vengono applicati in genere per la qualità dell’aria. La sensazione di molestia olfattiva si manifesta però durante ogni singolo respiratorio umano che avviene su scale di tempo molto brevi (qualche secondo) rispetto a quelle tipicamente considerate nelle applicazioni di qualità dell’aria (dove sono di interesse concentrazioni medie orarie, medie giornaliere o medie annuali). Occorre quindi utilizzare modelli che siano in grado di descrivere l’andamento delle concentrazioni su scale di tempo molto brevi, o “istantanee”, per evitare possibili sottostime. Per ovviare al problema, i risultati ottenuti dai modelli di dispersione vengono riprocessati per poter ricostruire, sulla base delle concentrazioni “medie” e attraverso l’applicazione del cosiddetto peak-to-mean ratio, i valori di picco oppure più in generale per ricostruire la distribuzione di probabilità attraverso la stima di almeno la varianza delle concentrazioni stesse.</p>
<p>Nelle applicazioni modellistiche è prassi quantificare collettivamente gli effetti attraverso l&#8217;unità di odore (unità olfattometrica, ouE) (UNI EN 13725:2004) e di evidenziarne la presenza in aria mediante la concentrazione di odore (ouE/m3) che rappresentano il numero di diluizioni necessarie affinché il 50% degli esaminatori di un panel addestrato di indagine non avverta più l’odore del campione d’aria analizzato. Viene quindi simulata la dispersione di questa pseudo-sostanza, che si suppone si diluisca come un tracciante in atmosfera, emessa alla sorgente ad una data concentrazione iniziale.</p>
<p>Il modello di dispersione a particelle SPRAY possiede algoritmi ad hoc per il calcolo delle concentrazioni di picco che sono funzione del tempo di volo delle particelle, risultando particolarmente adatto ad applicazioni che riguardano gli odori.[/vc_column_text][/vc_column][/vc_row][vc_row gap=&#8221;1&#8243; equal_height=&#8221;yes&#8221; content_placement=&#8221;top&#8221; css=&#8221;.vc_custom_1611505897102{padding-top: 54px !important;padding-bottom: 70px !important;background-color: #ffffff !important;background-position: 0 0 !important;background-repeat: no-repeat !important;}&#8221;][vc_column width=&#8221;1/5&#8243;][vc_btn title=&#8221;SPRAY&#8221; style=&#8221;custom&#8221; custom_background=&#8221;#004986&#8243; custom_text=&#8221;#ffffff&#8221; align=&#8221;center&#8221; button_block=&#8221;true&#8221; link=&#8221;url:http%3A%2F%2Fold.aria-net.it%2Fit%2Fprodotti%2Fspray%2F|title:Dati%20meteo&#8221;][/vc_column][vc_column width=&#8221;1/5&#8243;][vc_btn title=&#8221;PMSS&#8221; style=&#8221;custom&#8221; custom_background=&#8221;#004986&#8243; custom_text=&#8221;#ffffff&#8221; align=&#8221;center&#8221; button_block=&#8221;true&#8221; link=&#8221;url:http%3A%2F%2Fold.aria-net.it%2Fit%2Fprodotti%2Fpmss%2F|title:pmss&#8221;][/vc_column][vc_column width=&#8221;1/5&#8243;][/vc_column][vc_column width=&#8221;1/5&#8243;][/vc_column][vc_column width=&#8221;1/5&#8243;][/vc_column][/vc_row]</p>

<p>[vc_row full_width=&#8221;stretch_row&#8221; parallax=&#8221;content-moving-fade&#8221; css=&#8221;.vc_custom_1605807915015{padding-top: 54px !important;padding-bottom: 70px !important;background-color: #ffffff !important;background-position: center;background-repeat: no-repeat;background-size:cover;}&#8221; el_class=&#8221;services-bg-image&#8221; el_id=&#8221;studi-qualita-aria&#8221;][vc_column el_class=&#8221;all-section-title&#8221;][vc_column_text]La presenza di odori molesti è ormai considerata&#8230;</p>
